 of x.
17
Suppose 294 + 324 = 6*s. What are the prime factors of s?
103
Let r be 63/28 + 2/(-8). Let k = 34 - r. List the prime factors of k.
2
Let j(a) = a + 6. Let q = -11 + 3. Let z be j(q). What are the prime factors of (32 - -3)*z/(-5)?
2, 7
Suppose -3*b + 2*b + s + 82 = 0, 5*s = b - 90. Let f = -43 + b. List the prime factors of f.
37
Let o = -2 - -2. Suppose -3*x - 5*u = -49, -u - 27 = -4*x - o*u. What are the prime factors of x?
2
What are the prime factors of 11/((-198)/(-336)) - 2/(-6)?
19
Suppose 7 + 5 = 4*i. Let f(o) = 2*o**2 - o + 4. Let s be f(i). Suppose t = 4*k + 16, -2*t + s = -5*k - 7. List the prime factors of t.
2
Let l(v) = v**3 + 6*v**2 + 5*v + 5. Let g be l(-5). Suppose 2 = 2*h - m, g*m - 6 = 14. Suppose 52 = h*c + c. What are the prime factors of c?
13
Suppose y - 398 + 123 = 0. What are the prime factors of y?
5, 11
Let a(m) = -m + 3. Let v be a(4). Let o = 4 - v. What are the prime factors of o?
5
Let y = -152 - -217. Suppose -m - 2*m = 3*s - 15, -y = -5*m + 5*s. Suppose 0 = -4*j + m - 1. List the prime factors of j.
2
Suppose b = 3*b, -2*t + 8 = b. Let d be (1 + -10)*(-4)/12. Suppose -t*j + 45 = d*a + 10, 0 = 2*a - 4*j + 10. List the prime factors of a.
5
Suppose -15 = -5*d + 55. Suppose 5*v - 7 = 4*v. Let n = d - v. List the prime factors of n.
7
Let x be -1*(1 + 0)*-2. Let n(h) = 7*h - 2*h**2 + 3*h**x + 8 + 1. What are the prime factors of n(-6)?
3
Let f(l) = 4*l. Let q = -4 - -2. Let z be f(q). What are the prime factors of 6/(-4)*z/6?
2
Let m = 12 + -4. Let d = 6 + -2. Let o = m + d. List the prime factors of o.
2, 3
Let k = -8 + 15. List the prime factors of (-340)/(-35) + 2/k.
2, 5
Suppose q + q - 8 = 0. Suppose 0 = -b - q*b. Suppose 30 = 3*g - 3*k, 27 = 2*g + 5*k - b*k. What are the prime factors of g?
11
Let k(q) = -q**3 + 9*q**2 - 5*q - 11. Let l be k(8). Let c = l + -9. List the prime factors of c.
2
Suppose -6 = 2*q - 0. Let j(a) = -a**2 + 7*a - 1. Let p be j(6). List the prime factors of q*(-4)/6*p.
2, 5
Let y(a) be the first derivative of a**5/20 - a**4/6 + a**3/3 - 3*a**2/2 - 1. Let c(g) be the second derivative of y(g). List the prime factors of c(2).
2, 3
Let u = -19 + 47. Suppose -2*z - 5*b = -25, b + b = 3*z - u. What are the prime factors of z?
2, 5
Let a = -10 - -7. What are the prime factors of 182/12 - a/(-18)?
3, 5
Suppose 3*w = 4*l + 21, 2*w + l + 3 = 28. Suppose -2 = s + d, 3*d = s + 7 + w. Let o = -1 - s. What are the prime factors of o?
5
Suppose -4*v - 2*t + 338 = 0, 2*v - 2*t = -4*t + 170. List the prime factors of v.
2, 3, 7
Let v(l) = l + 28. What are the prime factors of v(15)?
43
Suppose 2*m - 25 = -2*r + 21, -3*m + 2*r = -64. What are the prime factors of m?
2, 11
Suppose -19*p - 61 = -20*p. List the prime factors of p.
61
Suppose m - 10 = -30. Let s = -13 - m. What are the prime factors of s?
7
List the prime factors of 8 + (2 - (-10 - 2)/(-2)).
2
Let w(s) = 2*s + 3. Let x(z) = -10*z - 16. Let t(r) = -16*w(r) - 3*x(r). What are the prime factors of t(-7)?
2, 7
Suppose 0 = 4*r - 12 - 8. Suppose -s + 8 = -r. What are the prime factors of s?
13
Let c be 2/(-4) + (-13)/2. Let s = -16 - c. List the prime factors of (-30)/s*3/2.
5
Let k(m) = -m**3 - 6*m**2 - 4*m - 1. Let x be k(-6). Suppose x = u - 5. List the prime factors of u.
2, 7
Let k(n) = -3*n**2 + 3*n**2 - n**3 + 3 - n**2. Let q be k(0). Suppose -4*c - 37 = -4*d - q*c, 0 = -5*d + 4*c + 38. What are the prime factors of d?
2, 5
Suppose -3*n + 2*i = -524, 4*n - 577 = -i + 107. List the prime factors of n.
2, 43
Let f be 4*18/8*2. Suppose 4*l - 86 = -f. What are the prime factors of (-1*(l - 3))/(-2)?
7
Suppose -5*s + 4*z + 323 - 1 = 0, 3*s - 196 = z. List the prime factors of s.
2, 3, 11
Suppose 3*j + 9 = 0, -g + j - 6*j - 3 = 0. Let x = 18 - g. Suppose 2*d = 5*d - x. What are the prime factors of d?
2
Let d(t) = -18*t**2 - t - 1. Let z(w) = w**3 + w**2 - 3*w - 3. Let a be z(-2). Let j be d(a). Let l = 31 + j. List the prime factors of l.
13
Let t(b) be the third derivative of -b**6/120 - 7*b**5/60 - b**4/8 - b**3/3 - 2*b**2. Let o be t(-6). Let p = o - -28. What are the prime factors of p?
2
Let y(h) = -h**3 + 12*h**2 - 8*h + 4. List the prime factors of y(10).
2, 31
Suppose 2*j - 123 = -0*k - k, -5*j + 309 = 4*k. What are the prime factors of j?
61
Suppose 0 = 4*x - x + 5*f - 539, 0 = 3*x - f - 551. What are the prime factors of x?
3, 61
Let z(g) = -22*g - 46. What are the prime factors of z(-9)?
2, 19
Let b(g) be the third derivative of g**4/24 + g**3 - 2*g**2. Let y be b(-4). Suppose -2*n - y*n = 2*c - 38, 0 = c + 5*n - 25. What are the prime factors of c?
3, 5
Let x = 962 + -634. What are the prime factors of x?
2, 41
Let a(p) = -p + 9. What are the prime factors of a(4)?
5
Let l be (36/(-45))/((-4)/50). Suppose 14*y - 152 = l*y. What are the prime factors of y?
2, 19
Let f = -7 + 2. Let a = 32 + f. List the prime factors of a.
3
Let v(j) = -j + 2*j**2 + 0 + 1 + 2*j. List the prime factors of v(-3).
2
Suppose -4*t - o + 105 = -184, 3*o + 155 = 2*t. What are the prime factors of t?
73
Suppose 0 = 3*u + u + 4. Let j = u - 5. What are the prime factors of 30/(-9)*9/j?
5
Suppose 2*s = 13*s - 3630. List the prime factors of s.
2, 3, 5, 11
Suppose 0*o + o + 4*l - 22 = 0, 2*l + 70 = 4*o. List the prime factors of o.
2, 3
Let a = 4 - -1. Let v = 10 + -5. Suppose 0 = 2*o + v*y - 17, -2*o + a*y = -o - 1. List the prime factors of o.
2, 3
Suppose 24 = 2*p + 4*w, 2*w + 18 = p + p. List the prime factors of p.
2, 5
Let i = 108 - -1. What are the prime factors of i?
109
Let s(l) = 5*l - 7. Let x be s(5). Suppose -5*r - x = -3*r. What are the prime factors of (-4)/6 - 69/r?
7
Let l = -20 - -35. What are the prime factors of l?
3, 5
Suppose 7*r - 207 - 1200 = 0. What are the prime factors of r?
3, 67
List the prime factors of 21/((-2)/1 - -3).
3, 7
Suppose -2*i + 22 = -6. List the prime factors of (-4)/(-14) + 66/i.
5
List the prime factors of (0/3 - 53)/(-1).
53
Suppose 2*l + l - 2*q = 8, -12 = -4*l + 4*q. Let x be 0/((0 - -2) + -4). Suppose -l*c - 6 + 28 = x. What are the prime factors of c?
11
List the prime factors of 324/16 - (-6)/8.
3, 7
Let z(x) = -2*x**2 + 3*x. Let p be z(2). Let g(d) = 4*d + 5. Let n(y) = y + 1. Let o(u) = p*g(u) + 6*n(u). What are the prime factors of o(-3)?
2
Let g(w) be the third derivative of w**6/60 - w**5/30 - w**4/24 + w**3/3 + 3*w**2. What are the prime factors of g(2)?
2
Let s(j) = -j**3 + j + 1. Suppose -3*r - 2 = 1. Let h = -3 - r. List the prime factors of s(h).
7
List the prime factors of 10/(-15)*3 - (-232 + 2).
2, 3, 19
Let h be (1 - 1)/(-1 + 3). Let j = 4 + h. Suppose -16 = -j*s, -2*o + 4*s = -4 - 8. List the prime factors of o.
2, 7
Suppose 2*b + 2 = b. Let o(l) = -2*l**2 - l. Let j be o(b). List the prime factors of j/(-15) + 38/5.
2
Let n = 27 + 9. What are the prime factors of n?
2, 3
List the prime factors of 26/8 - 3/(-4).
2
Let u(q) = q + 8. Let o(y) = -y**3 + 6*y**2 + y + 1. Let p be o(6). What are the prime factors of u(p)?
3, 5
List the prime factors of 4*(-1 - 155/(-10)).
2, 29
Let b(w) = w**3 - 6*w**2 - 10. Let t be b(7). Suppose 0 = -3*m - 15, 0 = 3*f + 3*m - m + 94. Let g = f + t. List the prime factors of g.
11
Suppose -144 - 34 = -2*m. Suppose 0 = -5*x - 19 + m. What are the prime factors of x?
2, 7
Let h = 19 - 17. Let x(s) = 13*s + 1. List the prime factors of x(h).
3
Suppose -4*z + 15 + 29 = 0. Suppose -3*b = 3*y - z - 4, -b - 4*y = 1. What are the prime factors of b?
7
Let o(g) = -11*g + 11. Let q(f) = -5*f + 5. Let s(v) = -4*o(v) + 9*q(v). List the prime factors of s(-13).
2, 7
Suppose 2*d = -2*d. Let y(f) = f**3 + f**2 + 5. Let o be y(d). Suppose -5*z + o = -45. List the prime factors of z.
2, 5
Suppose 0*a - 264 = -2*a. What are the prime factors of a?
2, 3, 11
Let o = -74 + 103. List the prime factors of o.
29
Let q(s) = -s**2 - 7*s - 4. Let b be q(-6). Suppose b*n - 5 + 3 = 0. Suppose -9 - n = -5*t. List the prime factors of t.
2
Let u(o) = 3*o**2 + 3*o - 9. What are the prime factors of u(4)?
3, 17
Let c(g) = g**3 - 5*g**2 - 3*g. Let v be (-9)/(-3) - 3 - -6. What are the prime factors of c(v)?
2, 3
Let r = -3 + 2. Suppose -b + 36 = 3*g, 3*g + 2*g - 2*b - 49 = 0. Let w = g + r. List the prime factors of w.
2, 5
Let o(k) = 44*k + 74. List the prime factors of o(5).
2, 3, 7
